lculate the remainder when m is divided by (26/6)/(1/3).
11
Suppose -4*n + r = -104, 139 - 9 = 5*n + r. Let u = 285 - 183. Calculate the remainder when u is divided by n.
24
Let x = 41 + -37. Suppose 0*i = x*i - 112. Suppose -40 = -5*u + 10. Calculate the remainder when i is divided by u.
8
Suppose 2*m + 2*m - 2*n - 4 = 0, -4 = -4*m - n. Let j(a) = -a**2 - a**2 + 3*a + m + 5*a**2 - 3. What is the remainder when 77 is divided by j(-3)?
13
Suppose 2*h + 21*h - 3749 = 0. What is the remainder when h is divided by 13?
7
Suppose 10*m + m - 385 = 0. What is the remainder when m is divided by 20?
15
Suppose 5*t + 0*t = -2*x + 71, 0 = -5*x - 5*t + 200. What is the remainder when x is divided by 5859/341 + 2/(-11)?
9
Suppose 17 = 2*k - k - 4*v, 4*k = -3*v + 11. Suppose 2*y + 4*s + 0*s + 22 = 0, y + k*s + 14 = 0. Let p = y - -12. What is the remainder when 4 is divided by p?
1
Let t(f) = f**3 - 31*f**2 - 32*f + 5. Calculate the remainder when 16 is divided by t(32).
1
Let p(a) = -a**3 + 5*a**2 - 5*a + 3. Let s be p(4). Calculate the remainder when 15 is divided by (-4)/s*(-6)/(-4).
3
Let q(y) = 5*y - 7. What is the remainder when 133 is divided by q(6)?
18
Suppose 0 = 4*m + 2*p, -2*m - 3*p = m + 6. Suppose r + 3 = m. What is the remainder when 13 is divided by (1/r)/((-2)/14)?
6
Calculate the remainder when 1 - 7/((-21)/411) is divided by 75.
63
Suppose 2*y = 3*z - 262, 4*z - 2*y - 350 = -0*y. Calculate the remainder when z is divided by 64.
24
Let t(n) = n + 18. Let m be t(-16). Suppose 3*z = -m*u + 101, -3*z + u + 121 = -u. Calculate the remainder when z is divided by 21.
16
Suppose 5*w - 10 = 0, -a - 119*w + 120*w + 177 = 0. Calculate the remainder when a is divided by 51.
26
Let u = 1617 + -1597. What is the remainder when 55 is divided by u?
15
Let a be 723/9 - (-2 - (-28)/12). Let x = a - 70. Let r = 47 - 9. What is the remainder when r is divided by x?
8
Let h(o) = o**3 - 26*o**2 - 29*o + 50. Let z be h(27). Let n be -4 + -1 - (3 + -2). Calculate the remainder when 41 is divided by (66/9)/(z/n).
8
Let h(i) = 4*i**2 + 2*i. Suppose 1279 = 2*y + 379. Calculate the remainder when h(2) is divided by y/42 + 4/14.
9
Let s = 26384 - 26332. What is the remainder when s is divided by 110/6 - (-1)/(-3)?
16
Let p(x) = -3*x + 44. Calculate the remainder when p(-11) is divided by 27.
23
Let s be (0 - 1)/(4/12). Let g(n) = -n**2 + 10*n + 8. Let i be g(11). Calculate the remainder when 0 - ((-63 - s) + i) is divided by 13.
11
Suppose -11 = 2*z - 5*z + j, -4*z = -5*j. Let o be 4/(-1)*(-1)/(-2). Let x = o + z. Calculate the remainder when 4 is divided by x.
1
Let y(z) = z + 13. Let b be y(-11). Suppose -b*a + 39 - 3 = 0. Suppose 19*h = a*h + 46. What is the remainder when h is divided by 16?
14
Let z = 1 + 5. Suppose 212 = z*w - 136. What is the remainder when w is divided by 15?
13
Let z(b) = -21*b + 32. Suppose -3*s = -w - 2*w, 15 = -4*w + s. Calculate the remainder when z(w) is divided by 28.
25
Let x = 36 - 2. Suppose 0 = -37*s + 6484 - 342. Calculate the remainder when s is divided by x.
30
Let i(o) = -o**2 + 4*o + 4. Let c be i(4). Let g(s) = -s**3 + 4*s**2 + s + 5. What is the remainder when g(c) is divided by 3?
0
Suppose y - 95 + 79 = 0. What is the remainder when 93 is divided by y?
13
Suppose 766 = 9*l - 4*l - 2*w, 599 = 4*l + 3*w. What is the remainder when l is divided by 52?
48
What is the remainder when 6/4*-2 - -132 is divided by 6?
3
Let o be 1/(-2) - (-135)/(-2). Let z = o - -91. Calculate the remainder when 229 is divided by z.
22
Let v(n) = 2*n**3 - 8*n**2 - 2*n - 1. Let p be v(4). Let w = p - -77. Calculate the remainder when w is divided by 37.
31
What is the remainder when 37 is divided by 2*1*((5 - -8) + -10)?
1
Let o be (-1 + 3 + -5)*-57. Suppose 3*a = -l + o, 63 = a - 3*l - 4. Calculate the remainder when a is divided by 10.
8
Let h = 46 + -48. Suppose -3*p + 16 = p. Let x = h + p. Calculate the remainder when 7 is divided by x.
1
Suppose 0 = -17*k + 12*k + 25. Let r be ((-4)/k)/(2/5). Let u = r + 8. Calculate the remainder when 10 is divided by u.
4
Suppose 0 = 3*m + 4*q - 138 - 13, -4*m - 4*q = -208. What is the remainder when 4/(-6) + 2044/6 is divided by m?
55
Suppose -5*y - 5 = -6*y. Suppose 0 = -j + y*j - 64. Suppose 0 = v + v + 4*t - j, 3*t = 3*v - 33. What is the remainder when v is divided by 4?
2
Suppose -5*l = q - 112, -4*l + 2*q = l - 106. Let s = -93 + 157. Calculate the remainder when s is divided by l.
20
Let i(s) = 17*s - 2. Let a(f) = 2*f + 23. Let l be a(-11). Calculate the remainder when i(l) is divided by 6.
3
Let p(j) = 8*j**2 - 2*j - 1. Suppose 2*i - 3*z + 13 = 3, i + 8 = 3*z. Calculate the remainder when p(2) is divided by -7*(88/(-42) - i/3).
7
Let s = 271 + -246. Calculate the remainder when 174 is divided by s.
24
Let n(w) = 9*w**2 - 70*w - 8. What is the remainder when 127 is divided by n(8)?
7
Let t be 2*3/(-3) - -3. Suppose 0 = 69*o + 84 - 3465. What is the remainder when o is divided by ((-1)/(2/(-34)))/t?
15
Suppose -286 = -2*f + 3*o, 5*f - 3*o - 549 = 166. What is the remainder when f is divided by 27?
8
Let t = -234 - -237. Suppose -3*j + 4*j - 10 = 3*w, -j - 5*w = 14. Calculate the remainder when t is divided by j.
0
Let f(g) = -g**3 + 5*g**2 + 3*g + 12. What is the remainder when 43 is divided by f(5)?
16
Let h(x) be the first derivative of -x**4/4 - 8*x**3/3 - x**2 - 12. Let b be h(-4). What is the remainder when 19 is divided by 14/1*(-48)/b?
7
Suppose 1002 = 16*s - 1942. What is the remainder when s is divided by 41?
20
Let h = 343 + -148. Calculate the remainder when h is divided by 50.
45
Let b(g) = g**3 + 17*g**2 + 42*g + 3. What is the remainder when (1 + (-7 - 2))/(-2) is divided by b(-14)?
1
Suppose 75 + 612 = -3*j - p, -2*j - 4*p - 448 = 0. Let a = -111 - j. What is the remainder when a is divided by 31?
26
Let r = 44 + -53. Let m(i) = -4*i + 4. Let g be m(-4). Let c = r + g. What is the remainder when 42 is divided by c?
9
Let a(f) = 42*f**2 + f - 2. Let h be a(1). Suppose 5*d - h = 34. Suppose -2*t + 7*t = 4*g - 32, -2*g + 10 = -t. What is the remainder when d is divided by g?
0
Suppose -150*g + 36 = -147*g. Calculate the remainder when g is divided by 3.
0
Let f(i) = -i**3 - 18*i**2 + 17*i - 13. Let h be f(-19). Suppose -r = -3*m + 25, r = -4*m + 4*r + h. Calculate the remainder when 56 is divided by m.
6
Let c = 531 - 423. What is the remainder when c is divided by 41?
26
Suppose 0 = 11*q - 1003 - 119. Calculate the remainder when q is divided by 18.
12
Let u = -31 - -50. Let g(q) = -q**3 - 11*q**2 - 2. Let n be g(-11). Calculate the remainder when ((-12)/n)/(1/9) is divided by u.
16
Suppose 0 = -d - 8*u + 13*u + 168, 3*u - 432 = -3*d. Calculate the remainder when 448 is divided by d.
4
Let h(v) = -v - 2. Let t be h(-6). Suppose i - 13 = 4*m, m + 42 = 5*i + t*m. Calculate the remainder when 23 is divided by (4/(-6))/((-1)/i).
5
Let i(k) = 4*k**2 + 80*k + 93. Let a(l) = -l**2 - 20*l - 23. Let u(q) = 9*a(q) + 2*i(q). Calculate the remainder when u(-11) is divided by 20.
18
Let t = -18 + 26. Suppose -i - c = -2*i - t, 2*i = 5*c - 25. What is the remainder when 75 is divided by 1 + i/((-5)/19)?
15
Let d = -15 + 17. Suppose 0 = 3*y - 5*t + 35, -d*t + 1 - 3 = 2*y. What is the remainder when 25 is divided by (196/70)/((-1)/y)?
11
Suppose -3*u + 6*u - 12 = 0, -3*s + 263 = -u. Let t = 20 - 28. Calculate the remainder when s is divided by (7 - 3)/t*-60.
29
What is the remainder when 36 is divided by -3*4/(6 + -7)?
0
Suppose -5*u + 117 + 58 = 0. Suppose 0 = -9*o - 26 + 98. Let h = o - -4. What is the remainder when u is divided by h?
11
Let k(y) = -y**3 - 4*y**2 + 4*y - 1. Let m be k(-5). Suppose -p = -m*p + 33. What is the remainder when p is divided by 3?
2
Let u(z) = -9*z - 39. Let p be u(-5). Let c(w) = w**3 - 7*w**2 + 15*w - 6. What is the remainder when c(p) is divided by 2?
0
Let b(u) = u + 4. Let x be b(-4). Let r(g) = -7*g - 3 - 3*g + x - 3 - g**2. What is the remainder when 35 is divided by r(-4)?
17
Let f(c) = -4*c**3 - 5*c**2 - 12*c - 19. What is the remainder when 794 is divided by f(-3)?
74
Let x = -11386 - -11409. Let h(n) = 67*n**3 + n**2 - n. What is the remainder when h(1) is divided by x?
21
Suppose -5*u + 498 = -3*p, -204 = -5*u - 2*p + 289. Calculate the remainder when u is d